{"id":221,"date":"2017-12-24T17:53:32","date_gmt":"2017-12-24T16:53:32","guid":{"rendered":"http:\/\/orvepard.org\/wordpress\/?page_id=221"},"modified":"2017-12-24T17:53:32","modified_gmt":"2017-12-24T16:53:32","slug":"pardinyes","status":"publish","type":"page","link":"https:\/\/orvepard.org\/veinspardinyes\/pardinyes\/","title":{"rendered":"Pardinyes"},"content":{"rendered":"<p class=\"rtejustify\"><img data-recalc-dims=\"1\" decoding=\"async\" style=\"margin: 2px 22px; width: 100%;\" src=\"https:\/\/i0.wp.com\/emu.paeria.es\/imatges\/pardinyes.jpg?w=640\" alt=\"\" \/><\/p>\n<p class=\"rtejustify\">\n<p class=\"rtejustify\">El barri de Pardinyes (Lleida), est\u00e0 situat en una zona privilegiada, envoltat de natura (la Mitjana i el Segre) i estrat\u00e8gicament vinculat al ferrocarril (estaci\u00f3 de l&#8217;AVE), el barri disposa de carrers i rambles amb voreres espaioses i zones de lleure i passeig<\/p>\n<p class=\"rtejustify\">Amb un creixement de poblaci\u00f3 espectacular -12.574 habitants, en l\u00b4\u00faltim cens de 2008, mant\u00e9, per\u00f2, l&#8217;aire de poble amb personalitat pr\u00f2pia.<\/p>\n<p class=\"rtejustify\">L&#8217;Organitzaci\u00f3 de ve\u00efns de Pardinyes (ORVEPARD), capdavantera en el moviment associatiu des de 1962, aglutina un centenar de col\u00b7lectius esportius, culturals, socials i l\u00fadics que es concentren en la Fira d&#8217;Entitas, bianual, i que simbolitzen l&#8217;empenta i dinamisme de la seua poblaci\u00f3.<\/p>\n","protected":false},"excerpt":{"rendered":"<p>El barri de Pardinyes (Lleida), est\u00e0 situat en una zona privilegiada, envoltat de natura (la Mitjana i el Segre) i estrat\u00e8gicament vinculat al ferrocarril (estaci\u00f3 de l&#8217;AVE), el barri disposa de carrers i rambles amb voreres espaioses i zones de lleure i passeig Amb un creixement de poblaci\u00f3 espectacular -12.574 habitants, en l\u00b4\u00faltim cens de [&hellip;]<\/p>\n","protected":false},"author":1,"featured_media":0,"parent":0,"menu_order":0,"comment_status":"closed","ping_status":"closed","template":"","meta":{"jetpack_post_was_ever_published":false,"footnotes":""},"class_list":["post-221","page","type-page","status-publish","hentry"],"yoast_head":"<!-- This site is optimized with the Yoast SEO plugin v27.3 - https:\/\/yoast.com\/product\/yoast-seo-wordpress\/ -->\n<title>Pardinyes - Orvepard<\/title>\n<meta name=\"robots\" content=\"index, follow, max-snippet:-1, max-image-preview:large, max-video-preview:-1\" \/>\n<link rel=\"canonical\" href=\"https:\/\/orvepard.org\/veinspardinyes\/pardinyes\/\" \/>\n<meta property=\"og:locale\" content=\"ca_ES\" \/>\n<meta property=\"og:type\" content=\"article\" \/>\n<meta property=\"og:title\" content=\"Pardinyes - Orvepard\" \/>\n<meta property=\"og:description\" content=\"El barri de Pardinyes (Lleida), est\u00e0 situat en una zona privilegiada, envoltat de natura (la Mitjana i el Segre) i estrat\u00e8gicament vinculat al ferrocarril (estaci\u00f3 de l&#8217;AVE), el barri disposa de carrers i rambles amb voreres espaioses i zones de lleure i passeig Amb un creixement de poblaci\u00f3 espectacular -12.574 habitants, en l\u00b4\u00faltim cens de [&hellip;]\" \/>\n<meta property=\"og:url\" content=\"https:\/\/orvepard.org\/veinspardinyes\/pardinyes\/\" \/>\n<meta property=\"og:site_name\" content=\"Orvepard\" \/>\n<meta property=\"article:publisher\" content=\"https:\/\/es-es.facebook.com\/groups\/orvepard\/\" \/>\n<meta property=\"og:image\" content=\"http:\/\/emu.paeria.es\/imatges\/pardinyes.jpg\" \/>\n<meta name=\"twitter:card\" content=\"summary_large_image\" \/>\n<meta name=\"twitter:site\" content=\"@veinspardinyes\" \/>\n<meta name=\"twitter:label1\" content=\"Temps estimat de lectura\" \/>\n\t<meta name=\"twitter:data1\" content=\"1 minut\" \/>\n<script type=\"application\/ld+json\" class=\"yoast-schema-graph\">{\"@context\":\"https:\\\/\\\/schema.org\",\"@graph\":[{\"@type\":\"WebPage\",\"@id\":\"https:\\\/\\\/orvepard.org\\\/veinspardinyes\\\/pardinyes\\\/\",\"url\":\"https:\\\/\\\/orvepard.org\\\/veinspardinyes\\\/pardinyes\\\/\",\"name\":\"Pardinyes - Orvepard\",\"isPartOf\":{\"@id\":\"https:\\\/\\\/orvepard.org\\\/veinspardinyes\\\/#website\"},\"primaryImageOfPage\":{\"@id\":\"https:\\\/\\\/orvepard.org\\\/veinspardinyes\\\/pardinyes\\\/#primaryimage\"},\"image\":{\"@id\":\"https:\\\/\\\/orvepard.org\\\/veinspardinyes\\\/pardinyes\\\/#primaryimage\"},\"thumbnailUrl\":\"http:\\\/\\\/emu.paeria.es\\\/imatges\\\/pardinyes.jpg\",\"datePublished\":\"2017-12-24T16:53:32+00:00\",\"breadcrumb\":{\"@id\":\"https:\\\/\\\/orvepard.org\\\/veinspardinyes\\\/pardinyes\\\/#breadcrumb\"},\"inLanguage\":\"ca\",\"potentialAction\":[{\"@type\":\"ReadAction\",\"target\":[\"https:\\\/\\\/orvepard.org\\\/veinspardinyes\\\/pardinyes\\\/\"]}]},{\"@type\":\"ImageObject\",\"inLanguage\":\"ca\",\"@id\":\"https:\\\/\\\/orvepard.org\\\/veinspardinyes\\\/pardinyes\\\/#primaryimage\",\"url\":\"http:\\\/\\\/emu.paeria.es\\\/imatges\\\/pardinyes.jpg\",\"contentUrl\":\"http:\\\/\\\/emu.paeria.es\\\/imatges\\\/pardinyes.jpg\"},{\"@type\":\"BreadcrumbList\",\"@id\":\"https:\\\/\\\/orvepard.org\\\/veinspardinyes\\\/pardinyes\\\/#breadcrumb\",\"itemListElement\":[{\"@type\":\"ListItem\",\"position\":1,\"name\":\"Inici\",\"item\":\"https:\\\/\\\/orvepard.org\\\/veinspardinyes\\\/\"},{\"@type\":\"ListItem\",\"position\":2,\"name\":\"Pardinyes\"}]},{\"@type\":\"WebSite\",\"@id\":\"https:\\\/\\\/orvepard.org\\\/veinspardinyes\\\/#website\",\"url\":\"https:\\\/\\\/orvepard.org\\\/veinspardinyes\\\/\",\"name\":\"Orvepard\",\"description\":\"Organitzaci\u00f3 de Ve\u00efns de Pardinyes\",\"publisher\":{\"@id\":\"https:\\\/\\\/orvepard.org\\\/veinspardinyes\\\/#organization\"},\"potentialAction\":[{\"@type\":\"SearchAction\",\"target\":{\"@type\":\"EntryPoint\",\"urlTemplate\":\"https:\\\/\\\/orvepard.org\\\/veinspardinyes\\\/?s={search_term_string}\"},\"query-input\":{\"@type\":\"PropertyValueSpecification\",\"valueRequired\":true,\"valueName\":\"search_term_string\"}}],\"inLanguage\":\"ca\"},{\"@type\":\"Organization\",\"@id\":\"https:\\\/\\\/orvepard.org\\\/veinspardinyes\\\/#organization\",\"name\":\"Orvepard, Organitzaci\u00f3 de Ve\u00efns de Pardinyes\",\"url\":\"https:\\\/\\\/orvepard.org\\\/veinspardinyes\\\/\",\"logo\":{\"@type\":\"ImageObject\",\"inLanguage\":\"ca\",\"@id\":\"https:\\\/\\\/orvepard.org\\\/veinspardinyes\\\/#\\\/schema\\\/logo\\\/image\\\/\",\"url\":\"https:\\\/\\\/i0.wp.com\\\/orvepard.org\\\/veinspardinyes\\\/wp-content\\\/uploads\\\/2017\\\/12\\\/cropped-cropped-cropped-logweborvepardnadal-e1513180524112.png?fit=150%2C113&ssl=1\",\"contentUrl\":\"https:\\\/\\\/i0.wp.com\\\/orvepard.org\\\/veinspardinyes\\\/wp-content\\\/uploads\\\/2017\\\/12\\\/cropped-cropped-cropped-logweborvepardnadal-e1513180524112.png?fit=150%2C113&ssl=1\",\"width\":150,\"height\":113,\"caption\":\"Orvepard, Organitzaci\u00f3 de Ve\u00efns de Pardinyes\"},\"image\":{\"@id\":\"https:\\\/\\\/orvepard.org\\\/veinspardinyes\\\/#\\\/schema\\\/logo\\\/image\\\/\"},\"sameAs\":[\"https:\\\/\\\/es-es.facebook.com\\\/groups\\\/orvepard\\\/\",\"https:\\\/\\\/x.com\\\/veinspardinyes\",\"https:\\\/\\\/www.instagram.com\\\/veinspardinyes\\\/\",\"https:\\\/\\\/app.ebando.es\\\/channel\\\/pardinyes\"]}]}<\/script>\n<!-- \/ Yoast SEO plugin. -->","yoast_head_json":{"title":"Pardinyes - Orvepard","robots":{"index":"index","follow":"follow","max-snippet":"max-snippet:-1","max-image-preview":"max-image-preview:large","max-video-preview":"max-video-preview:-1"},"canonical":"https:\/\/orvepard.org\/veinspardinyes\/pardinyes\/","og_locale":"ca_ES","og_type":"article","og_title":"Pardinyes - Orvepard","og_description":"El barri de Pardinyes (Lleida), est\u00e0 situat en una zona privilegiada, envoltat de natura (la Mitjana i el Segre) i estrat\u00e8gicament vinculat al ferrocarril (estaci\u00f3 de l&#8217;AVE), el barri disposa de carrers i rambles amb voreres espaioses i zones de lleure i passeig Amb un creixement de poblaci\u00f3 espectacular -12.574 habitants, en l\u00b4\u00faltim cens de [&hellip;]","og_url":"https:\/\/orvepard.org\/veinspardinyes\/pardinyes\/","og_site_name":"Orvepard","article_publisher":"https:\/\/es-es.facebook.com\/groups\/orvepard\/","og_image":[{"url":"http:\/\/emu.paeria.es\/imatges\/pardinyes.jpg","type":"","width":"","height":""}],"twitter_card":"summary_large_image","twitter_site":"@veinspardinyes","twitter_misc":{"Temps estimat de lectura":"1 minut"},"schema":{"@context":"https:\/\/schema.org","@graph":[{"@type":"WebPage","@id":"https:\/\/orvepard.org\/veinspardinyes\/pardinyes\/","url":"https:\/\/orvepard.org\/veinspardinyes\/pardinyes\/","name":"Pardinyes - Orvepard","isPartOf":{"@id":"https:\/\/orvepard.org\/veinspardinyes\/#website"},"primaryImageOfPage":{"@id":"https:\/\/orvepard.org\/veinspardinyes\/pardinyes\/#primaryimage"},"image":{"@id":"https:\/\/orvepard.org\/veinspardinyes\/pardinyes\/#primaryimage"},"thumbnailUrl":"http:\/\/emu.paeria.es\/imatges\/pardinyes.jpg","datePublished":"2017-12-24T16:53:32+00:00","breadcrumb":{"@id":"https:\/\/orvepard.org\/veinspardinyes\/pardinyes\/#breadcrumb"},"inLanguage":"ca","potentialAction":[{"@type":"ReadAction","target":["https:\/\/orvepard.org\/veinspardinyes\/pardinyes\/"]}]},{"@type":"ImageObject","inLanguage":"ca","@id":"https:\/\/orvepard.org\/veinspardinyes\/pardinyes\/#primaryimage","url":"http:\/\/emu.paeria.es\/imatges\/pardinyes.jpg","contentUrl":"http:\/\/emu.paeria.es\/imatges\/pardinyes.jpg"},{"@type":"BreadcrumbList","@id":"https:\/\/orvepard.org\/veinspardinyes\/pardinyes\/#breadcrumb","itemListElement":[{"@type":"ListItem","position":1,"name":"Inici","item":"https:\/\/orvepard.org\/veinspardinyes\/"},{"@type":"ListItem","position":2,"name":"Pardinyes"}]},{"@type":"WebSite","@id":"https:\/\/orvepard.org\/veinspardinyes\/#website","url":"https:\/\/orvepard.org\/veinspardinyes\/","name":"Orvepard","description":"Organitzaci\u00f3 de Ve\u00efns de Pardinyes","publisher":{"@id":"https:\/\/orvepard.org\/veinspardinyes\/#organization"},"potentialAction":[{"@type":"SearchAction","target":{"@type":"EntryPoint","urlTemplate":"https:\/\/orvepard.org\/veinspardinyes\/?s={search_term_string}"},"query-input":{"@type":"PropertyValueSpecification","valueRequired":true,"valueName":"search_term_string"}}],"inLanguage":"ca"},{"@type":"Organization","@id":"https:\/\/orvepard.org\/veinspardinyes\/#organization","name":"Orvepard, Organitzaci\u00f3 de Ve\u00efns de Pardinyes","url":"https:\/\/orvepard.org\/veinspardinyes\/","logo":{"@type":"ImageObject","inLanguage":"ca","@id":"https:\/\/orvepard.org\/veinspardinyes\/#\/schema\/logo\/image\/","url":"https:\/\/i0.wp.com\/orvepard.org\/veinspardinyes\/wp-content\/uploads\/2017\/12\/cropped-cropped-cropped-logweborvepardnadal-e1513180524112.png?fit=150%2C113&ssl=1","contentUrl":"https:\/\/i0.wp.com\/orvepard.org\/veinspardinyes\/wp-content\/uploads\/2017\/12\/cropped-cropped-cropped-logweborvepardnadal-e1513180524112.png?fit=150%2C113&ssl=1","width":150,"height":113,"caption":"Orvepard, Organitzaci\u00f3 de Ve\u00efns de Pardinyes"},"image":{"@id":"https:\/\/orvepard.org\/veinspardinyes\/#\/schema\/logo\/image\/"},"sameAs":["https:\/\/es-es.facebook.com\/groups\/orvepard\/","https:\/\/x.com\/veinspardinyes","https:\/\/www.instagram.com\/veinspardinyes\/","https:\/\/app.ebando.es\/channel\/pardinyes"]}]}},"jetpack_sharing_enabled":true,"jetpack_shortlink":"https:\/\/wp.me\/P9tnJI-3z","jetpack_likes_enabled":true,"rttpg_featured_image_url":null,"rttpg_author":{"display_name":"administrador","author_link":"https:\/\/orvepard.org\/veinspardinyes\/author\/administrador\/"},"rttpg_comment":0,"rttpg_category":null,"rttpg_excerpt":"El barri de Pardinyes (Lleida), est\u00e0 situat en una zona privilegiada, envoltat de natura (la Mitjana i el Segre) i estrat\u00e8gicament vinculat al ferrocarril (estaci\u00f3 de l&#8217;AVE), el barri disposa de carrers i rambles amb voreres espaioses i zones de lleure i passeig Amb un creixement de poblaci\u00f3 espectacular -12.574 habitants, en l\u00b4\u00faltim cens de&hellip;","_links":{"self":[{"href":"https:\/\/orvepard.org\/veinspardinyes\/wp-json\/wp\/v2\/pages\/221","targetHints":{"allow":["GET"]}}],"collection":[{"href":"https:\/\/orvepard.org\/veinspardinyes\/wp-json\/wp\/v2\/pages"}],"about":[{"href":"https:\/\/orvepard.org\/veinspardinyes\/wp-json\/wp\/v2\/types\/page"}],"author":[{"embeddable":true,"href":"https:\/\/orvepard.org\/veinspardinyes\/wp-json\/wp\/v2\/users\/1"}],"replies":[{"embeddable":true,"href":"https:\/\/orvepard.org\/veinspardinyes\/wp-json\/wp\/v2\/comments?post=221"}],"version-history":[{"count":1,"href":"https:\/\/orvepard.org\/veinspardinyes\/wp-json\/wp\/v2\/pages\/221\/revisions"}],"predecessor-version":[{"id":222,"href":"https:\/\/orvepard.org\/veinspardinyes\/wp-json\/wp\/v2\/pages\/221\/revisions\/222"}],"wp:attachment":[{"href":"https:\/\/orvepard.org\/veinspardinyes\/wp-json\/wp\/v2\/media?parent=221"}],"curies":[{"name":"wp","href":"https:\/\/api.w.org\/{rel}","templated":true}]}}

<p class="rtejustify"><img data-recalc-dims="1" decoding="async" style="margin: 2px 22px; width: 100%;" src="https://i0.wp.com/emu.paeria.es/imatges/pardinyes.jpg?w=640" alt="" /></p>
<p class="rtejustify">
<p class="rtejustify">El barri de Pardinyes (Lleida), està situat en una zona privilegiada, envoltat de natura (la Mitjana i el Segre) i estratègicament vinculat al ferrocarril (estació de l&#8217;AVE), el barri disposa de carrers i rambles amb voreres espaioses i zones de lleure i passeig</p>
<p class="rtejustify">Amb un creixement de població espectacular -12.574 habitants, en l´últim cens de 2008, manté, però, l&#8217;aire de poble amb personalitat pròpia.</p>
<p class="rtejustify">L&#8217;Organització de veïns de Pardinyes (ORVEPARD), capdavantera en el moviment associatiu des de 1962, aglutina un centenar de col·lectius esportius, culturals, socials i lúdics que es concentren en la Fira d&#8217;Entitas, bianual, i que simbolitzen l&#8217;empenta i dinamisme de la seua població.</p>

<p>El barri de Pardinyes (Lleida), està situat en una zona privilegiada, envoltat de natura (la Mitjana i el Segre) i estratègicament vinculat al ferrocarril (estació de l&#8217;AVE), el barri disposa de carrers i rambles amb voreres espaioses i zones de lleure i passeig Amb un creixement de població espectacular -12.574 habitants, en l´últim cens de [&hellip;]</p>

<!-- This site is optimized with the Yoast SEO plugin v27.3 - https://yoast.com/product/yoast-seo-wordpress/ -->
<title>Pardinyes - Orvepard</title>
<meta name="robots" content="index, follow, max-snippet:-1, max-image-preview:large, max-video-preview:-1" />
<link rel="canonical" href="https://orvepard.org/veinspardinyes/pardinyes/" />
<meta property="og:locale" content="ca_ES" />
<meta property="og:type" content="article" />
<meta property="og:title" content="Pardinyes - Orvepard" />
<meta property="og:description" content="El barri de Pardinyes (Lleida), està situat en una zona privilegiada, envoltat de natura (la Mitjana i el Segre) i estratègicament vinculat al ferrocarril (estació de l&#8217;AVE), el barri disposa de carrers i rambles amb voreres espaioses i zones de lleure i passeig Amb un creixement de població espectacular -12.574 habitants, en l´últim cens de [&hellip;]" />
<meta property="og:url" content="https://orvepard.org/veinspardinyes/pardinyes/" />
<meta property="og:site_name" content="Orvepard" />
<meta property="article:publisher" content="https://es-es.facebook.com/groups/orvepard/" />
<meta property="og:image" content="http://emu.paeria.es/imatges/pardinyes.jpg" />
<meta name="twitter:card" content="summary_large_image" />
<meta name="twitter:site" content="@veinspardinyes" />
<meta name="twitter:label1" content="Temps estimat de lectura" />
	<meta name="twitter:data1" content="1 minut" />
<script type="application/ld+json" class="yoast-schema-graph">{"@context":"https:\/\/schema.org","@graph":[{"@type":"WebPage","@id":"https:\/\/orvepard.org\/veinspardinyes\/pardinyes\/","url":"https:\/\/orvepard.org\/veinspardinyes\/pardinyes\/","name":"Pardinyes - Orvepard","isPartOf":{"@id":"https:\/\/orvepard.org\/veinspardinyes\/#website"},"primaryImageOfPage":{"@id":"https:\/\/orvepard.org\/veinspardinyes\/pardinyes\/#primaryimage"},"image":{"@id":"https:\/\/orvepard.org\/veinspardinyes\/pardinyes\/#primaryimage"},"thumbnailUrl":"http:\/\/emu.paeria.es\/imatges\/pardinyes.jpg","datePublished":"2017-12-24T16:53:32+00:00","breadcrumb":{"@id":"https:\/\/orvepard.org\/veinspardinyes\/pardinyes\/#breadcrumb"},"inLanguage":"ca","potentialAction":[{"@type":"ReadAction","target":["https:\/\/orvepard.org\/veinspardinyes\/pardinyes\/"]}]},{"@type":"ImageObject","inLanguage":"ca","@id":"https:\/\/orvepard.org\/veinspardinyes\/pardinyes\/#primaryimage","url":"http:\/\/emu.paeria.es\/imatges\/pardinyes.jpg","contentUrl":"http:\/\/emu.paeria.es\/imatges\/pardinyes.jpg"},{"@type":"BreadcrumbList","@id":"https:\/\/orvepard.org\/veinspardinyes\/pardinyes\/#breadcrumb","itemListElement":[{"@type":"ListItem","position":1,"name":"Inici","item":"https:\/\/orvepard.org\/veinspardinyes\/"},{"@type":"ListItem","position":2,"name":"Pardinyes"}]},{"@type":"WebSite","@id":"https:\/\/orvepard.org\/veinspardinyes\/#website","url":"https:\/\/orvepard.org\/veinspardinyes\/","name":"Orvepard","description":"Organització de Veïns de Pardinyes","publisher":{"@id":"https:\/\/orvepard.org\/veinspardinyes\/#organization"},"potentialAction":[{"@type":"SearchAction","target":{"@type":"EntryPoint","urlTemplate":"https:\/\/orvepard.org\/veinspardinyes\/?s={search_term_string}"},"query-input":{"@type":"PropertyValueSpecification","valueRequired":true,"valueName":"search_term_string"}}],"inLanguage":"ca"},{"@type":"Organization","@id":"https:\/\/orvepard.org\/veinspardinyes\/#organization","name":"Orvepard, Organització de Veïns de Pardinyes","url":"https:\/\/orvepard.org\/veinspardinyes\/","logo":{"@type":"ImageObject","inLanguage":"ca","@id":"https:\/\/orvepard.org\/veinspardinyes\/#\/schema\/logo\/image\/","url":"https:\/\/i0.wp.com\/orvepard.org\/veinspardinyes\/wp-content\/uploads\/2017\/12\/cropped-cropped-cropped-logweborvepardnadal-e1513180524112.png?fit=150%2C113&ssl=1","contentUrl":"https:\/\/i0.wp.com\/orvepard.org\/veinspardinyes\/wp-content\/uploads\/2017\/12\/cropped-cropped-cropped-logweborvepardnadal-e1513180524112.png?fit=150%2C113&ssl=1","width":150,"height":113,"caption":"Orvepard, Organització de Veïns de Pardinyes"},"image":{"@id":"https:\/\/orvepard.org\/veinspardinyes\/#\/schema\/logo\/image\/"},"sameAs":["https:\/\/es-es.facebook.com\/groups\/orvepard\/","https:\/\/x.com\/veinspardinyes","https:\/\/www.instagram.com\/veinspardinyes\/","https:\/\/app.ebando.es\/channel\/pardinyes"]}]}</script>
<!-- / Yoast SEO plugin. -->

El barri de Pardinyes (Lleida), està situat en una zona privilegiada, envoltat de natura (la Mitjana i el Segre) i estratègicament vinculat al ferrocarril (estació de l&#8217;AVE), el barri disposa de carrers i rambles amb voreres espaioses i zones de lleure i passeig Amb un creixement de població espectacular -12.574 habitants, en l´últim cens de [&hellip;]

Organització de Veïns de Pardinyes

Orvepard, Organització de Veïns de Pardinyes

El barri de Pardinyes (Lleida), està situat en una zona privilegiada, envoltat de natura (la Mitjana i el Segre) i estratègicament vinculat al ferrocarril (estació de l&#8217;AVE), el barri disposa de carrers i rambles amb voreres espaioses i zones de lleure i passeig Amb un creixement de població espectacular -12.574 habitants, en l´últim cens de&hellip;
